{"id":48,"date":"2022-10-04T09:25:52","date_gmt":"2022-10-04T09:25:52","guid":{"rendered":"http:\/\/lemasdn.cluster027.hosting.ovh.net\/?page_id=48"},"modified":"2024-11-25T17:02:57","modified_gmt":"2024-11-25T16:02:57","slug":"faq","status":"publish","type":"page","link":"https:\/\/lemasdelaplume.fr\/index.php\/faq\/","title":{"rendered":"Activites"},"content":{"rendered":"\t\t<div data-elementor-type=\"wp-page\" data-elementor-id=\"48\" class=\"elementor elementor-48\" data-elementor-post-type=\"page\">\n\t\t\t\t\t\t<section class=\"elementor-section elementor-top-section elementor-element elementor-element-6d1ac15 elementor-section-stretched elementor-section-boxed elementor-section-height-default elementor-section-height-default\" data-id=\"6d1ac15\" data-element_type=\"section\" data-settings=\"{&quot;stretch_section&quot;:&quot;section-stretched&quot;,&quot;background_background&quot;:&quot;classic&quot;}\">\n\t\t\t\t\t\t<div class=\"elementor-container elementor-column-gap-wider\">\n\t\t\t\t\t<div class=\"elementor-column elementor-col-100 elementor-top-column elementor-element elementor-element-cd4988e\" data-id=\"cd4988e\" data-element_type=\"column\">\n\t\t\t<div class=\"elementor-widget-wrap elementor-element-populated\">\n\t\t\t\t\t\t<section class=\"elementor-section elementor-inner-section elementor-element elementor-element-29a36d6 elementor-section-boxed elementor-section-height-default elementor-section-height-default\" data-id=\"29a36d6\" data-element_type=\"section\">\n\t\t\t\t\t\t<div class=\"elementor-container elementor-column-gap-default\">\n\t\t\t\t\t<div class=\"elementor-column elementor-col-25 elementor-inner-column elementor-element elementor-element-72a1994\" data-id=\"72a1994\" data-element_type=\"column\">\n\t\t\t<div class=\"elementor-widget-wrap\">\n\t\t\t\t\t\t\t<\/div>\n\t\t<\/div>\n\t\t\t\t<div class=\"elementor-column elementor-col-50 elementor-inner-column elementor-element elementor-element-24ad315\" data-id=\"24ad315\" data-element_type=\"column\">\n\t\t\t<div class=\"elementor-widget-wrap elementor-element-populated\">\n\t\t\t\t\t\t<div class=\"elementor-element elementor-element-fa464df elementor-widget elementor-widget-heading\" data-id=\"fa464df\" data-element_type=\"widget\" data-widget_type=\"heading.default\">\n\t\t\t\t<div class=\"elementor-widget-container\">\n\t\t\t<h6 class=\"elementor-heading-title elementor-size-default\">LE MAS DE LA PLUME<\/h6>\t\t<\/div>\n\t\t\t\t<\/div>\n\t\t\t\t<div class=\"elementor-element elementor-element-b967f89 elementor-widget elementor-widget-heading\" data-id=\"b967f89\" data-element_type=\"widget\" data-widget_type=\"heading.default\">\n\t\t\t\t<div class=\"elementor-widget-container\">\n\t\t\t<h1 class=\"elementor-heading-title elementor-size-default\">Activit\u00e9s dans et autours du Mas :\u200b<\/h1>\t\t<\/div>\n\t\t\t\t<\/div>\n\t\t\t\t\t<\/div>\n\t\t<\/div>\n\t\t\t\t<div class=\"elementor-column elementor-col-25 elementor-inner-column elementor-element elementor-element-d83b7dc\" data-id=\"d83b7dc\" data-element_type=\"column\">\n\t\t\t<div class=\"elementor-widget-wrap\">\n\t\t\t\t\t\t\t<\/div>\n\t\t<\/div>\n\t\t\t\t\t<\/div>\n\t\t<\/section>\n\t\t\t\t\t<\/div>\n\t\t<\/div>\n\t\t\t\t\t<\/div>\n\t\t<\/section>\n\t\t\t\t<section class=\"elementor-section elementor-top-section elementor-element elementor-element-92bee6f elementor-section-full_width elementor-section-stretched elementor-section-height-default elementor-section-height-default\" data-id=\"92bee6f\" data-element_type=\"section\" data-settings=\"{&quot;stretch_section&quot;:&quot;section-stretched&quot;}\">\n\t\t\t\t\t\t<div class=\"elementor-container elementor-column-gap-no\">\n\t\t\t\t\t<div class=\"elementor-column elementor-col-100 elementor-top-column elementor-element elementor-element-c1f74ee\" data-id=\"c1f74ee\" data-element_type=\"column\">\n\t\t\t<div class=\"elementor-widget-wrap elementor-element-populated\">\n\t\t\t\t\t\t<section class=\"elementor-section elementor-inner-section elementor-element elementor-element-3955281 elementor-section-full_width elementor-reverse-tablet elementor-section-height-default elementor-section-height-default\" data-id=\"3955281\" data-element_type=\"section\">\n\t\t\t\t\t\t<div class=\"elementor-container elementor-column-gap-no\">\n\t\t\t\t\t<div class=\"elementor-column elementor-col-50 elementor-inner-column elementor-element elementor-element-86f6f47\" data-id=\"86f6f47\" data-element_type=\"column\">\n\t\t\t<div class=\"elementor-widget-wrap elementor-element-populated\">\n\t\t\t\t\t\t<div class=\"elementor-element elementor-element-5c1614b elementor-widget elementor-widget-heading\" data-id=\"5c1614b\" data-element_type=\"widget\" data-widget_type=\"heading.default\">\n\t\t\t\t<div class=\"elementor-widget-container\">\n\t\t\t<h6 class=\"elementor-heading-title elementor-size-default\">Le mas de la plume<\/h6>\t\t<\/div>\n\t\t\t\t<\/div>\n\t\t\t\t<div class=\"elementor-element elementor-element-a66dbd2 elementor-widget elementor-widget-text-editor\" data-id=\"a66dbd2\" data-element_type=\"widget\" data-widget_type=\"text-editor.default\">\n\t\t\t\t<div class=\"elementor-widget-container\">\n\t\t\t\t\t\t\t<p><b>Activit\u00e9s dans et autours du Mas<\/b> :<\/p><p>Au Mas de la Plume, les possibilit\u00e9s d\u2019activit\u00e9s sont nombreuses :<\/p><p>\u2022 <strong>Piscine et D\u00e9tente<\/strong> : Plongez dans la piscine du mas, parfaite pour se rafra\u00eechir sous le soleil m\u00e9diterran\u00e9en.<\/p><p>\u2022 <strong>P\u00e9tanque sous les Lumi\u00e8res<\/strong> : Partagez une partie de p\u00e9tanque conviviale sur le terrain am\u00e9nag\u00e9.<\/p><p>Le Mas de la Plume est entour\u00e9 d\u2019une nature g\u00e9n\u00e9reuse et propice aux d\u00e9couvertes. Que vous soyez adepte de calme ou amateur d\u2019aventures, les environs offrent des activit\u00e9s pour tous.<\/p><p>\u2022 <strong>Randonn\u00e9e au Pic Saint-Loup<\/strong> : Grimpez jusqu\u2019au sommet et laissez-vous \u00e9merveiller par un panorama \u00e0 couper le souffle.<\/p><p>\u2022 <strong>Sites Naturels et Villages Pittoresques<\/strong> : Explorez le Cirque de Navacelles et le Ravin des Arcs, la Grotte des Demoiselles et le village de Saint-Guilhem-le-D\u00e9sert, joyaux du patrimoine.<\/p><p>\u2022 <strong>Visite des Domaines Viticoles \/ Oenotourisme en 4X4 ou Mobylettes :<\/strong> D\u00e9gustez les saveurs locales des Domaines autour du Pic Saint-Loup (Domaine de l\u2019Hortus \/ Ch\u00e2teau Puech Haut \/ Domaine Cazeneuve et autres), des vins qui racontent le terroir.<\/p><p>\u2022 <strong>Cano\u00eb au d\u00e9part des villages de Ganges ou Le Vigan \/ Parapente au Mas de Londres \/ Vol \u00e0 voile en planeur \/ Sp\u00e9l\u00e9o \/ Escalade \/ Accrobranche<\/strong><\/p><p>\u2022 Journ\u00e9e au Lac des C\u00e9c\u00e9l\u00e8s<\/p><p>\u2022 Profitez des plages de La Grande Motte, Carnon, Palavas-Les-Flots ou S\u00e8te\u00a0<\/p><p>\u2022 Randonn\u00e9es avec les \u00e2nes pour les petits et les grands \u00e0 la d\u00e9couverte de notre terroir<\/p><p>\u2022 <strong>Journ\u00e9e Terre et Mer<\/strong> =&gt; D\u00e9gustation de fruits de Mer dans notre Mas situ\u00e9 sur l&rsquo;\u00e9tang de Thau sur demande.<\/p>\t\t\t\t\t\t<\/div>\n\t\t\t\t<\/div>\n\t\t\t\t\t<\/div>\n\t\t<\/div>\n\t\t\t\t<div class=\"elementor-column elementor-col-50 elementor-inner-column elementor-element elementor-element-36cbb2e\" data-id=\"36cbb2e\" data-element_type=\"column\">\n\t\t\t<div class=\"elementor-widget-wrap elementor-element-populated\">\n\t\t\t\t\t\t<div class=\"elementor-element elementor-element-fd581bc elementor-widget elementor-widget-image\" data-id=\"fd581bc\" data-element_type=\"widget\" data-widget_type=\"image.default\">\n\t\t\t\t<div class=\"elementor-widget-container\">\n\t\t\t\t\t\t\t\t\t\t\t\t\t<img fetchpriority=\"high\" decoding=\"async\" width=\"2186\" height=\"2524\" src=\"https:\/\/lemasdelaplume.fr\/wp-content\/uploads\/2024\/11\/Design-sans-titre-19.png\" class=\"attachment-full size-full wp-image-604\" alt=\"\" srcset=\"https:\/\/lemasdelaplume.fr\/wp-content\/uploads\/2024\/11\/Design-sans-titre-19.png 2186w, https:\/\/lemasdelaplume.fr\/wp-content\/uploads\/2024\/11\/Design-sans-titre-19-433x500.png 433w, https:\/\/lemasdelaplume.fr\/wp-content\/uploads\/2024\/11\/Design-sans-titre-19-1039x1200.png 1039w, https:\/\/lemasdelaplume.fr\/wp-content\/uploads\/2024\/11\/Design-sans-titre-19-260x300.png 260w, https:\/\/lemasdelaplume.fr\/wp-content\/uploads\/2024\/11\/Design-sans-titre-19-768x887.png 768w, https:\/\/lemasdelaplume.fr\/wp-content\/uploads\/2024\/11\/Design-sans-titre-19-1330x1536.png 1330w, https:\/\/lemasdelaplume.fr\/wp-content\/uploads\/2024\/11\/Design-sans-titre-19-1774x2048.png 1774w, https:\/\/lemasdelaplume.fr\/wp-content\/uploads\/2024\/11\/Design-sans-titre-19-65x75.png 65w, https:\/\/lemasdelaplume.fr\/wp-content\/uploads\/2024\/11\/Design-sans-titre-19-480x554.png 480w\" sizes=\"(max-width:767px) 480px, (max-width:2186px) 100vw, 2186px\" \/>\t\t\t\t\t\t\t\t\t\t\t\t\t<\/div>\n\t\t\t\t<\/div>\n\t\t\t\t<div class=\"elementor-element elementor-element-dd35ffb elementor-widget elementor-widget-image\" data-id=\"dd35ffb\" data-element_type=\"widget\" data-widget_type=\"image.default\">\n\t\t\t\t<div class=\"elementor-widget-container\">\n\t\t\t\t\t\t\t\t\t\t\t\t\t<img decoding=\"async\" width=\"1474\" height=\"1132\" src=\"https:\/\/lemasdelaplume.fr\/wp-content\/uploads\/2024\/11\/Capture-decran-2024-11-25-a-17.02.12.png\" class=\"attachment-full size-full wp-image-779\" alt=\"\" srcset=\"https:\/\/lemasdelaplume.fr\/wp-content\/uploads\/2024\/11\/Capture-decran-2024-11-25-a-17.02.12.png 1474w, https:\/\/lemasdelaplume.fr\/wp-content\/uploads\/2024\/11\/Capture-decran-2024-11-25-a-17.02.12-500x384.png 500w, https:\/\/lemasdelaplume.fr\/wp-content\/uploads\/2024\/11\/Capture-decran-2024-11-25-a-17.02.12-1200x922.png 1200w, https:\/\/lemasdelaplume.fr\/wp-content\/uploads\/2024\/11\/Capture-decran-2024-11-25-a-17.02.12-300x230.png 300w, https:\/\/lemasdelaplume.fr\/wp-content\/uploads\/2024\/11\/Capture-decran-2024-11-25-a-17.02.12-768x590.png 768w, https:\/\/lemasdelaplume.fr\/wp-content\/uploads\/2024\/11\/Capture-decran-2024-11-25-a-17.02.12-98x75.png 98w, https:\/\/lemasdelaplume.fr\/wp-content\/uploads\/2024\/11\/Capture-decran-2024-11-25-a-17.02.12-480x369.png 480w\" sizes=\"(max-width:767px) 480px, (max-width:1474px) 100vw, 1474px\" \/>\t\t\t\t\t\t\t\t\t\t\t\t\t<\/div>\n\t\t\t\t<\/div>\n\t\t\t\t\t<\/div>\n\t\t<\/div>\n\t\t\t\t\t<\/div>\n\t\t<\/section>\n\t\t\t\t\t<\/div>\n\t\t<\/div>\n\t\t\t\t\t<\/div>\n\t\t<\/section>\n\t\t\t\t<section class=\"elementor-section elementor-top-section elementor-element elementor-element-c9c0865 elementor-section-stretched elementor-section-boxed elementor-section-height-default elementor-section-height-default\" data-id=\"c9c0865\" data-element_type=\"section\" data-settings=\"{&quot;stretch_section&quot;:&quot;section-stretched&quot;,&quot;background_background&quot;:&quot;classic&quot;}\">\n\t\t\t\t\t\t<div class=\"elementor-container elementor-column-gap-wider\">\n\t\t\t\t\t<div class=\"elementor-column elementor-col-100 elementor-top-column elementor-element elementor-element-6a40eb6\" data-id=\"6a40eb6\" data-element_type=\"column\">\n\t\t\t<div class=\"elementor-widget-wrap elementor-element-populated\">\n\t\t\t\t\t\t<section class=\"elementor-section elementor-inner-section elementor-element elementor-element-69e7ede elementor-section-boxed elementor-section-height-default elementor-section-height-default\" data-id=\"69e7ede\" data-element_type=\"section\">\n\t\t\t\t\t\t<div class=\"elementor-container elementor-column-gap-default\">\n\t\t\t\t\t<div class=\"elementor-column elementor-col-25 elementor-inner-column elementor-element elementor-element-4732f28\" data-id=\"4732f28\" data-element_type=\"column\">\n\t\t\t<div class=\"elementor-widget-wrap\">\n\t\t\t\t\t\t\t<\/div>\n\t\t<\/div>\n\t\t\t\t<div class=\"elementor-column elementor-col-50 elementor-inner-column elementor-element elementor-element-e34a9d3\" data-id=\"e34a9d3\" data-element_type=\"column\">\n\t\t\t<div class=\"elementor-widget-wrap elementor-element-populated\">\n\t\t\t\t\t\t<div class=\"elementor-element elementor-element-33b09d4 elementor-widget elementor-widget-heading\" data-id=\"33b09d4\" data-element_type=\"widget\" data-widget_type=\"heading.default\">\n\t\t\t\t<div class=\"elementor-widget-container\">\n\t\t\t<h6 class=\"elementor-heading-title elementor-size-default\">LE MAS DE LA PLUME<\/h6>\t\t<\/div>\n\t\t\t\t<\/div>\n\t\t\t\t<div class=\"elementor-element elementor-element-df7c3fe elementor-widget elementor-widget-heading\" data-id=\"df7c3fe\" data-element_type=\"widget\" data-widget_type=\"heading.default\">\n\t\t\t\t<div class=\"elementor-widget-container\">\n\t\t\t<h1 class=\"elementor-heading-title elementor-size-default\">Ecrivez votre Histoire <\/h1>\t\t<\/div>\n\t\t\t\t<\/div>\n\t\t\t\t<div class=\"elementor-element elementor-element-aaf69d6 elementor-button-align-stretch elementor-widget elementor-widget-form\" data-id=\"aaf69d6\" data-element_type=\"widget\" data-settings=\"{&quot;step_next_label&quot;:&quot;Next&quot;,&quot;step_previous_label&quot;:&quot;Previous&quot;,&quot;button_width&quot;:&quot;100&quot;,&quot;step_type&quot;:&quot;number_text&quot;,&quot;step_icon_shape&quot;:&quot;circle&quot;}\" data-widget_type=\"form.default\">\n\t\t\t\t<div class=\"elementor-widget-container\">\n\t\t\t\t\t<form class=\"elementor-form\" method=\"post\" name=\"New Form\">\n\t\t\t<input type=\"hidden\" name=\"post_id\" value=\"48\"\/>\n\t\t\t<input type=\"hidden\" name=\"form_id\" value=\"aaf69d6\"\/>\n\t\t\t<input type=\"hidden\" name=\"referer_title\" value=\"Activites\" \/>\n\n\t\t\t\t\t\t\t<input type=\"hidden\" name=\"queried_id\" value=\"48\"\/>\n\t\t\t\n\t\t\t<div class=\"elementor-form-fields-wrapper elementor-labels-above\">\n\t\t\t\t\t\t\t\t<div class=\"elementor-field-type-text elementor-field-group elementor-column elementor-field-group-name elementor-col-100\">\n\t\t\t\t\t\t\t\t\t\t\t\t<label for=\"form-field-name\" class=\"elementor-field-label\">\n\t\t\t\t\t\t\t\tName\t\t\t\t\t\t\t<\/label>\n\t\t\t\t\t\t\t\t\t\t\t\t\t\t<input size=\"1\" type=\"text\" name=\"form_fields[name]\" id=\"form-field-name\" class=\"elementor-field elementor-size-sm  elementor-field-textual\" placeholder=\"Name\">\n\t\t\t\t\t\t\t\t\t\t\t<\/div>\n\t\t\t\t\t\t\t\t<div class=\"elementor-field-type-email elementor-field-group elementor-column elementor-field-group-email elementor-col-100 elementor-field-required\">\n\t\t\t\t\t\t\t\t\t\t\t\t<label for=\"form-field-email\" class=\"elementor-field-label\">\n\t\t\t\t\t\t\t\tEmail\t\t\t\t\t\t\t<\/label>\n\t\t\t\t\t\t\t\t\t\t\t\t\t\t<input size=\"1\" type=\"email\" name=\"form_fields[email]\" id=\"form-field-email\" class=\"elementor-field elementor-size-sm  elementor-field-textual\" placeholder=\"Email\" required=\"required\" aria-required=\"true\">\n\t\t\t\t\t\t\t\t\t\t\t<\/div>\n\t\t\t\t\t\t\t\t<div class=\"elementor-field-type-textarea elementor-field-group elementor-column elementor-field-group-message elementor-col-100\">\n\t\t\t\t\t\t\t\t\t\t\t\t<label for=\"form-field-message\" class=\"elementor-field-label\">\n\t\t\t\t\t\t\t\tMessage\t\t\t\t\t\t\t<\/label>\n\t\t\t\t\t\t<textarea class=\"elementor-field-textual elementor-field  elementor-size-sm\" name=\"form_fields[message]\" id=\"form-field-message\" rows=\"4\" placeholder=\"Message\"><\/textarea>\t\t\t\t<\/div>\n\t\t\t\t\t\t\t\t<div class=\"elementor-field-group elementor-column elementor-field-type-submit elementor-col-100 e-form__buttons\">\n\t\t\t\t\t<button class=\"elementor-button elementor-size-sm\" type=\"submit\">\n\t\t\t\t\t\t<span class=\"elementor-button-content-wrapper\">\n\t\t\t\t\t\t\t\t\t\t\t\t\t\t\t\t\t\t\t\t\t\t<span class=\"elementor-button-text\">Send<\/span>\n\t\t\t\t\t\t\t\t\t\t\t\t\t<\/span>\n\t\t\t\t\t<\/button>\n\t\t\t\t<\/div>\n\t\t\t<\/div>\n\t\t<\/form>\n\t\t\t\t<\/div>\n\t\t\t\t<\/div>\n\t\t\t\t\t<\/div>\n\t\t<\/div>\n\t\t\t\t<div class=\"elementor-column elementor-col-25 elementor-inner-column elementor-element elementor-element-20e8af4\" data-id=\"20e8af4\" data-element_type=\"column\">\n\t\t\t<div class=\"elementor-widget-wrap\">\n\t\t\t\t\t\t\t<\/div>\n\t\t<\/div>\n\t\t\t\t\t<\/div>\n\t\t<\/section>\n\t\t\t\t\t<\/div>\n\t\t<\/div>\n\t\t\t\t\t<\/div>\n\t\t<\/section>\n\t\t<div class=\"elementor-element elementor-element-121bb2b e-flex e-con-boxed e-con e-parent\" data-id=\"121bb2b\" data-element_type=\"container\">\n\t\t\t\t\t<div class=\"e-con-inner\">\n\t\t\t\t\t<\/div>\n\t\t\t\t<\/div>\n\t\t\t\t<\/div>\n\t\t","protected":false},"excerpt":{"rendered":"<p>LE MAS DE LA PLUME Activit\u00e9s dans et autours du Mas :\u200b Le mas de la plume Activit\u00e9s dans et autours du Mas : Au Mas<span class=\"excerpt-hellip\"> [\u2026]<\/span><\/p>\n","protected":false},"author":1,"featured_media":0,"parent":0,"menu_order":0,"comment_status":"open","ping_status":"closed","template":"","meta":{"footnotes":""},"class_list":["post-48","page","type-page","status-publish","hentry"],"_links":{"self":[{"href":"https:\/\/lemasdelaplume.fr\/index.php\/wp-json\/wp\/v2\/pages\/48","targetHints":{"allow":["GET"]}}],"collection":[{"href":"https:\/\/lemasdelaplume.fr\/index.php\/wp-json\/wp\/v2\/pages"}],"about":[{"href":"https:\/\/lemasdelaplume.fr\/index.php\/wp-json\/wp\/v2\/types\/page"}],"author":[{"embeddable":true,"href":"https:\/\/lemasdelaplume.fr\/index.php\/wp-json\/wp\/v2\/users\/1"}],"replies":[{"embeddable":true,"href":"https:\/\/lemasdelaplume.fr\/index.php\/wp-json\/wp\/v2\/comments?post=48"}],"version-history":[{"count":28,"href":"https:\/\/lemasdelaplume.fr\/index.php\/wp-json\/wp\/v2\/pages\/48\/revisions"}],"predecessor-version":[{"id":782,"href":"https:\/\/lemasdelaplume.fr\/index.php\/wp-json\/wp\/v2\/pages\/48\/revisions\/782"}],"wp:attachment":[{"href":"https:\/\/lemasdelaplume.fr\/index.php\/wp-json\/wp\/v2\/media?parent=48"}],"curies":[{"name":"wp","href":"https:\/\/api.w.org\/{rel}","templated":true}]}}